744.
16
Calculate the highest common divisor of 5 and 9667960.
5
Calculate the greatest common divisor of 223 and 547169748.
223
Calculate the highest common divisor of 476 and 67750270.
238
What is the greatest common factor of 138 and 337709?
23
Calculate the highest common divisor of 12820 and 44975765.
3205
Calculate the highest common factor of 1346072438 and 334.
334
Calculate the highest common divisor of 9677734 and 2807.
401
What is the highest common divisor of 50379 and 4116?
21
What is the greatest common divisor of 97010 and 359155?
545
What is the greatest common divisor of 4776 and 1341384?
24
What is the highest common divisor of 496909 and 539?
49
Calculate the greatest common divisor of 99467 and 1037.
17
Calculate the highest common factor of 16343574 and 702.
78
What is the greatest common factor of 683006 and 46990?
254
What is the greatest common divisor of 69 and 1979081?
23
Calculate the highest common divisor of 391674558 and 10494.
3498
Calculate the highest common factor of 2439 and 12348.
9
Calculate the greatest common divisor of 110 and 216496335.
55
Calculate the highest common factor of 3351822 and 2890.
578
Calculate the highest common divisor of 27 and 6719319.
9
What is the highest common divisor of 14202768 and 39961?
449
What is the greatest common factor of 2789070 and 73470?
930
What is the highest common factor of 31100 and 2672?
4
Calculate the highest common factor of 2247190 and 154.
22
Calculate the highest common divisor of 92 and 102122576.
92
Calculate the highest common divisor of 24746497 and 4239.
157
Calculate the greatest common factor of 1701 and 996327.
27
Calculate the greatest common divisor of 2835940 and 1836.
68
Calculate the greatest common divisor of 91 and 2713291.
7
What is the greatest common divisor of 2241284 and 69680?
268
Calculate the highest common divisor of 1047174 and 85440.
534
What is the highest common factor of 866002 and 423325?
2419
What is the highest common divisor of 10689 and 6108?
1527
What is the greatest common factor of 6589960 and 141284?
988
Calculate the highest common divisor of 1025 and 1526143.
41
What is the highest common divisor of 180438 and 24705?
183
Calculate the highest common divisor of 2198363326 and 62.
62
What is the highest common factor of 3 and 111965277?
3
Calculate the greatest common divisor of 106275 and 34775.
325
What is the greatest common divisor of 2577783 and 1807?
13
Calculate the greatest common divisor of 71984 and 76736.
176
Calculate the greatest common factor of 11680 and 459170.
730
Calculate the greatest common divisor of 75 and 88149.
3
Calculate the greatest common factor of 5229 and 895923.
63
Calculate the greatest common factor of 71955258 and 3.
3
What is the greatest common factor of 335670 and 339690?
2010
What is the highest common factor of 1599752 and 61688?
88
Calculate the highest common factor of 1163709 and 49761.
873
What is the highest common factor of 282 and 9948678?
282
Calculate the highest common divisor of 15445 and 185.
5
What is the highest common factor of 45391080 and 840?
840
What is the greatest common divisor of 630 and 337230?
90
What is the highest common factor of 134363584 and 48?
16
What is the highest common divisor of 341387190 and 288?
18
What is the greatest common divisor of 456 and 16385268?
12
Calculate the highest common factor of 86213790 and 4680.
1170
Calculate the highest common divisor of 141243 and 876024.
1587
What is the greatest common factor of 64 and 98463392?
32
What is the highest common factor of 612 and 4884882?
102
What is the highest common divisor of 120920 and 5688?
8
Calculate the greatest common factor of 4394 and 221338.
26
Calculate the greatest common factor of 7765117 and 427.
61
What is the greatest common factor of 50282 and 41395062?
1622
Calculate the greatest common factor of 275 and 530545950.
275
What is the highest common factor of 4211394 and 5478?
66
Calculate the highest common factor of 3444 and 3010876.
164
What is the greatest common factor of 16398 and 471294?
18
Calculate the greatest common divisor of 149765 and 1309.
77
Calculate the highest common divisor of 8733 and 2703827.
41
Calculate the greatest common divisor of 1696 and 296102944.
1696
Calculate the greatest common factor of 3718 and 11926161.
169
Calculate the highest common factor of 492688 and 52871.
581
Calculate the highest common factor of 1638025 and 50.
25
What is the highest common factor of 1207245 and 9840?
615
Calculate the highest common factor of 11 and 191978.
1
Calculate the highest common divisor of 90 and 5961315.
15
Calculate the greatest common divisor of 21632 and 22056866.
338
Calculate the greatest common divisor of 107092 and 27808.
4
Calculate the greatest common divisor of 2270 and 14333590.
10
What is the greatest common factor of 27176 and 14339984?
344
Calculate the highest common factor of 7380 and 18104985.
1845
Calculate the highest common factor of 837531120 and 48.
48
What is the highest common factor of 291110 and 79980?
430
What is the highest common factor of 1074 and 5173458?
1074
What is the greatest common factor of 6870 and 59372?
2
What is the highest common factor of 80500 and 9259250?
1750
Calculate the highest common divisor of 24 and 3308988.
12
What is the highest common factor of 3409173 and 657?
657
Calculate the highest common divisor of 36238054 and 41632.
2602
Calculate the greatest common divisor of 2162150 and 70.
10
What is the greatest common factor of 144885557 and 10117?
10117
Calculate the greatest common divisor of 60 and 1021596220.
20
What is the greatest common divisor of 538 and 16599990?
538
What is the greatest common factor of 22844238 and 50?
2
What is the greatest common divisor of 10648924 and 4576?
572
Calculate the greatest common factor of 15 and 15609220.
5
What is the highest common divisor of 2512464 and 403104?
816
Calculate the highest common factor of 54655 and 858755.
85
What is the highest common factor of 7041 and 6827423?
2347
Calculate the highest common factor of 48 and 248649.
3
What is the highest common divisor of 59986 and 82948?
178
What is the greatest common factor of 57 and 30587397?
57
Calculate the greatest common factor of 867658876 and 196.
196
Calculate the greatest common divisor of 1030220 and 460.
20
Calculate the greatest common factor of 244341 and 476.
17
What is the highest common factor of 9696 and 75209448?
2424
What is the greatest common factor of 8241328 and 58548?
2788
Calculate the highest common factor of 38495441 and 215731.
5017
What is the highest common divisor of 4758 and 7566?
78
Calculate the highest common divisor of 4155 and 389580.
15
What is the highest common divisor of 9933185 and 255?
85
What is the greatest common factor of 12 and 14107524?
12
What is the greatest common divisor of 2232 and 149131080?
2232
Calculate the highest common factor of 16878468 and 48.
12
Calculate the greatest common factor of 36128322 and 208722.
4854
What is the highest common divisor of 372164833 and 2479?
2479
What is the greatest common factor of 130808 and 6501?
197
Calculate the highest common factor of 65223784 and 4.
4
What is the greatest common divisor of 1862350 and 525?
175
What is the highest common divisor of 19100 and 2836900?
100
What is the greatest common factor of 31634552 and 712?
8
What is the highest common factor of 11064307 and 200969?
2753
Calculate the highest common factor of 17 and 35306501.
17
Calculate the highest common divisor of 11785187 and 1262.
631
What is the greatest common divisor of 126304870 and 10?
10
What is the highest common factor of 1591 and 558848?
37
Calculate the greatest common divisor of 746716 and 60.
4
Calculate the greatest common divisor of 11265 and 87863245.
3755
Calculate the highest common divisor of 84 and 23925356.
28
Calculate the highest common factor of 1368 and 194384592.
1368
Calculate the greatest common divisor of 7047 and 776794.
29
What is the greatest common factor of 2694994 and 1038?
346
What is the greatest common divisor of 5129 and 1086934?
23
What is the highest common factor of 52598498 and 38?
38
Calculate the greatest common divisor of 492700 and 289700.
100
What is the greatest common fac